{"id":20670,"date":"2021-03-28T18:17:49","date_gmt":"2021-03-29T01:17:49","guid":{"rendered":"https:\/\/itac.tucdev.io\/?page_id=20670"},"modified":"2026-02-23T10:29:02","modified_gmt":"2026-02-23T18:29:02","slug":"evenements-a-venir","status":"publish","type":"page","link":"https:\/\/indigenoustourism.ca\/fr\/evenements-a-venir\/","title":{"rendered":"\u00c9v\u00e9nements \u00e0 venir"},"content":{"rendered":"","protected":false},"excerpt":{"rendered":"","protected":false},"author":14,"featured_media":0,"parent":0,"menu_order":0,"comment_status":"closed","ping_status":"closed","template":"page-templates\/page-upcoming-events.php","meta":{"_acf_changed":false,"footnotes":""},"class_list":["post-20670","page","type-page","status-publish","hentry"],"acf":[],"yoast_head":"<!-- This site is optimized with the Yoast SEO plugin v24.6 - https:\/\/yoast.com\/wordpress\/plugins\/seo\/ -->\n<title>\u00c9v\u00e9nements \u00e0 venir - Association touristique autochtone du Canada<\/title>\n<meta name=\"description\" content=\"En savoir plus sur les \u00e9v\u00e9nements \u00e0 venir de l\u2019industrie touristique autochtone incluant, entre autres, les salons professionnels et les congr\u00e8s.\" \/>\n<meta name=\"robots\" content=\"index, follow, max-snippet:-1, max-image-preview:large, max-video-preview:-1\" \/>\n<link rel=\"canonical\" href=\"https:\/\/indigenoustourism.ca\/fr\/evenements-a-venir\/\" \/>\n<meta property=\"og:locale\" content=\"fr_FR\" \/>\n<meta property=\"og:type\" content=\"article\" \/>\n<meta property=\"og:title\" content=\"\u00c9v\u00e9nements \u00e0 venir - Association touristique autochtone du Canada\" \/>\n<meta property=\"og:description\" content=\"En savoir plus sur les \u00e9v\u00e9nements \u00e0 venir de l\u2019industrie touristique autochtone incluant, entre autres, les salons professionnels et les congr\u00e8s.\" \/>\n<meta property=\"og:url\" content=\"https:\/\/indigenoustourism.ca\/fr\/evenements-a-venir\/\" \/>\n<meta property=\"og:site_name\" content=\"Association touristique autochtone du Canada\" \/>\n<meta property=\"article:modified_time\" content=\"2026-02-23T18:29:02+00:00\" \/>\n<meta property=\"og:image\" content=\"https:\/\/indigenoustourism.ca\/wp-content\/uploads\/2020\/03\/ITAC-Fallback-Image.jpg\" \/>\n\t<meta property=\"og:image:width\" content=\"1920\" \/>\n\t<meta property=\"og:image:height\" content=\"1080\" \/>\n\t<meta property=\"og:image:type\" content=\"image\/jpeg\" \/>\n<meta name=\"twitter:card\" content=\"summary_large_image\" \/>\n<meta name=\"twitter:site\" content=\"@itac_corporate\" \/>\n<script type=\"application\/ld+json\" class=\"yoast-schema-graph\">{\"@context\":\"https:\/\/schema.org\",\"@graph\":[{\"@type\":\"WebPage\",\"@id\":\"https:\/\/indigenoustourism.ca\/fr\/evenements-a-venir\/\",\"url\":\"https:\/\/indigenoustourism.ca\/fr\/evenements-a-venir\/\",\"name\":\"\u00c9v\u00e9nements \u00e0 venir - Association touristique autochtone du Canada\",\"isPartOf\":{\"@id\":\"https:\/\/indigenoustourism.ca\/#website\"},\"datePublished\":\"2021-03-29T01:17:49+00:00\",\"dateModified\":\"2026-02-23T18:29:02+00:00\",\"description\":\"En savoir plus sur les \u00e9v\u00e9nements \u00e0 venir de l\u2019industrie touristique autochtone incluant, entre autres, les salons professionnels et les congr\u00e8s.\",\"breadcrumb\":{\"@id\":\"https:\/\/indigenoustourism.ca\/fr\/evenements-a-venir\/#breadcrumb\"},\"inLanguage\":\"fr-FR\",\"potentialAction\":[{\"@type\":\"ReadAction\",\"target\":[\"https:\/\/indigenoustourism.ca\/fr\/evenements-a-venir\/\"]}]},{\"@type\":\"BreadcrumbList\",\"@id\":\"https:\/\/indigenoustourism.ca\/fr\/evenements-a-venir\/#breadcrumb\",\"itemListElement\":[{\"@type\":\"ListItem\",\"position\":1,\"name\":\"Home\",\"item\":\"https:\/\/indigenoustourism.ca\/fr\/home\/\"},{\"@type\":\"ListItem\",\"position\":2,\"name\":\"\u00c9v\u00e9nements \u00e0 venir\"}]},{\"@type\":\"WebSite\",\"@id\":\"https:\/\/indigenoustourism.ca\/#website\",\"url\":\"https:\/\/indigenoustourism.ca\/\",\"name\":\"Association touristique autochtone du Canada\",\"description\":\"Corporate\",\"publisher\":{\"@id\":\"https:\/\/indigenoustourism.ca\/#organization\"},\"potentialAction\":[{\"@type\":\"SearchAction\",\"target\":{\"@type\":\"EntryPoint\",\"urlTemplate\":\"https:\/\/indigenoustourism.ca\/?s={search_term_string}\"},\"query-input\":{\"@type\":\"PropertyValueSpecification\",\"valueRequired\":true,\"valueName\":\"search_term_string\"}}],\"inLanguage\":\"fr-FR\"},{\"@type\":\"Organization\",\"@id\":\"https:\/\/indigenoustourism.ca\/#organization\",\"name\":\"Association touristique autochtone du Canada\",\"url\":\"https:\/\/indigenoustourism.ca\/\",\"logo\":{\"@type\":\"ImageObject\",\"inLanguage\":\"fr-FR\",\"@id\":\"https:\/\/indigenoustourism.ca\/#\/schema\/logo\/image\/\",\"url\":\"https:\/\/indigenoustourism.ca\/wp-content\/uploads\/2018\/02\/ITAC-logo-corporate-bilingual-standard@300x.png\",\"contentUrl\":\"https:\/\/indigenoustourism.ca\/wp-content\/uploads\/2018\/02\/ITAC-logo-corporate-bilingual-standard@300x.png\",\"width\":2408,\"height\":701,\"caption\":\"Association touristique autochtone du Canada\"},\"image\":{\"@id\":\"https:\/\/indigenoustourism.ca\/#\/schema\/logo\/image\/\"},\"sameAs\":[\"https:\/\/x.com\/itac_corporate\"]}]}<\/script>\n<!-- \/ Yoast SEO plugin. -->","yoast_head_json":{"title":"\u00c9v\u00e9nements \u00e0 venir - Association touristique autochtone du Canada","description":"En savoir plus sur les \u00e9v\u00e9nements \u00e0 venir de l\u2019industrie touristique autochtone incluant, entre autres, les salons professionnels et les congr\u00e8s.","robots":{"index":"index","follow":"follow","max-snippet":"max-snippet:-1","max-image-preview":"max-image-preview:large","max-video-preview":"max-video-preview:-1"},"canonical":"https:\/\/indigenoustourism.ca\/fr\/evenements-a-venir\/","og_locale":"fr_FR","og_type":"article","og_title":"\u00c9v\u00e9nements \u00e0 venir - Association touristique autochtone du Canada","og_description":"En savoir plus sur les \u00e9v\u00e9nements \u00e0 venir de l\u2019industrie touristique autochtone incluant, entre autres, les salons professionnels et les congr\u00e8s.","og_url":"https:\/\/indigenoustourism.ca\/fr\/evenements-a-venir\/","og_site_name":"Association touristique autochtone du Canada","article_modified_time":"2026-02-23T18:29:02+00:00","og_image":[{"width":1920,"height":1080,"url":"https:\/\/indigenoustourism.ca\/wp-content\/uploads\/2020\/03\/ITAC-Fallback-Image.jpg","type":"image\/jpeg"}],"twitter_card":"summary_large_image","twitter_site":"@itac_corporate","schema":{"@context":"https:\/\/schema.org","@graph":[{"@type":"WebPage","@id":"https:\/\/indigenoustourism.ca\/fr\/evenements-a-venir\/","url":"https:\/\/indigenoustourism.ca\/fr\/evenements-a-venir\/","name":"\u00c9v\u00e9nements \u00e0 venir - Association touristique autochtone du Canada","isPartOf":{"@id":"https:\/\/indigenoustourism.ca\/#website"},"datePublished":"2021-03-29T01:17:49+00:00","dateModified":"2026-02-23T18:29:02+00:00","description":"En savoir plus sur les \u00e9v\u00e9nements \u00e0 venir de l\u2019industrie touristique autochtone incluant, entre autres, les salons professionnels et les congr\u00e8s.","breadcrumb":{"@id":"https:\/\/indigenoustourism.ca\/fr\/evenements-a-venir\/#breadcrumb"},"inLanguage":"fr-FR","potentialAction":[{"@type":"ReadAction","target":["https:\/\/indigenoustourism.ca\/fr\/evenements-a-venir\/"]}]},{"@type":"BreadcrumbList","@id":"https:\/\/indigenoustourism.ca\/fr\/evenements-a-venir\/#breadcrumb","itemListElement":[{"@type":"ListItem","position":1,"name":"Home","item":"https:\/\/indigenoustourism.ca\/fr\/home\/"},{"@type":"ListItem","position":2,"name":"\u00c9v\u00e9nements \u00e0 venir"}]},{"@type":"WebSite","@id":"https:\/\/indigenoustourism.ca\/#website","url":"https:\/\/indigenoustourism.ca\/","name":"Association touristique autochtone du Canada","description":"Corporate","publisher":{"@id":"https:\/\/indigenoustourism.ca\/#organization"},"potentialAction":[{"@type":"SearchAction","target":{"@type":"EntryPoint","urlTemplate":"https:\/\/indigenoustourism.ca\/?s={search_term_string}"},"query-input":{"@type":"PropertyValueSpecification","valueRequired":true,"valueName":"search_term_string"}}],"inLanguage":"fr-FR"},{"@type":"Organization","@id":"https:\/\/indigenoustourism.ca\/#organization","name":"Association touristique autochtone du Canada","url":"https:\/\/indigenoustourism.ca\/","logo":{"@type":"ImageObject","inLanguage":"fr-FR","@id":"https:\/\/indigenoustourism.ca\/#\/schema\/logo\/image\/","url":"https:\/\/indigenoustourism.ca\/wp-content\/uploads\/2018\/02\/ITAC-logo-corporate-bilingual-standard@300x.png","contentUrl":"https:\/\/indigenoustourism.ca\/wp-content\/uploads\/2018\/02\/ITAC-logo-corporate-bilingual-standard@300x.png","width":2408,"height":701,"caption":"Association touristique autochtone du Canada"},"image":{"@id":"https:\/\/indigenoustourism.ca\/#\/schema\/logo\/image\/"},"sameAs":["https:\/\/x.com\/itac_corporate"]}]}},"_links":{"self":[{"href":"https:\/\/indigenoustourism.ca\/fr\/wp-json\/wp\/v2\/pages\/20670","targetHints":{"allow":["GET"]}}],"collection":[{"href":"https:\/\/indigenoustourism.ca\/fr\/wp-json\/wp\/v2\/pages"}],"about":[{"href":"https:\/\/indigenoustourism.ca\/fr\/wp-json\/wp\/v2\/types\/page"}],"author":[{"embeddable":true,"href":"https:\/\/indigenoustourism.ca\/fr\/wp-json\/wp\/v2\/users\/14"}],"replies":[{"embeddable":true,"href":"https:\/\/indigenoustourism.ca\/fr\/wp-json\/wp\/v2\/comments?post=20670"}],"version-history":[{"count":0,"href":"https:\/\/indigenoustourism.ca\/fr\/wp-json\/wp\/v2\/pages\/20670\/revisions"}],"wp:attachment":[{"href":"https:\/\/indigenoustourism.ca\/fr\/wp-json\/wp\/v2\/media?parent=20670"}],"curies":[{"name":"wp","href":"https:\/\/api.w.org\/{rel}","templated":true}]}}

Événements à venir

<!-- This site is optimized with the Yoast SEO plugin v24.6 - https://yoast.com/wordpress/plugins/seo/ -->
<title>Événements à venir - Association touristique autochtone du Canada</title>
<meta name="description" content="En savoir plus sur les événements à venir de l’industrie touristique autochtone incluant, entre autres, les salons professionnels et les congrès." />
<meta name="robots" content="index, follow, max-snippet:-1, max-image-preview:large, max-video-preview:-1" />
<link rel="canonical" href="https://indigenoustourism.ca/fr/evenements-a-venir/" />
<meta property="og:locale" content="fr_FR" />
<meta property="og:type" content="article" />
<meta property="og:title" content="Événements à venir - Association touristique autochtone du Canada" />
<meta property="og:description" content="En savoir plus sur les événements à venir de l’industrie touristique autochtone incluant, entre autres, les salons professionnels et les congrès." />
<meta property="og:url" content="https://indigenoustourism.ca/fr/evenements-a-venir/" />
<meta property="og:site_name" content="Association touristique autochtone du Canada" />
<meta property="article:modified_time" content="2026-02-23T18:29:02+00:00" />
<meta property="og:image" content="https://indigenoustourism.ca/wp-content/uploads/2020/03/ITAC-Fallback-Image.jpg" />
	<meta property="og:image:width" content="1920" />
	<meta property="og:image:height" content="1080" />
	<meta property="og:image:type" content="image/jpeg" />
<meta name="twitter:card" content="summary_large_image" />
<meta name="twitter:site" content="@itac_corporate" />
<script type="application/ld+json" class="yoast-schema-graph">{"@context":"https://schema.org","@graph":[{"@type":"WebPage","@id":"https://indigenoustourism.ca/fr/evenements-a-venir/","url":"https://indigenoustourism.ca/fr/evenements-a-venir/","name":"Événements à venir - Association touristique autochtone du Canada","isPartOf":{"@id":"https://indigenoustourism.ca/#website"},"datePublished":"2021-03-29T01:17:49+00:00","dateModified":"2026-02-23T18:29:02+00:00","description":"En savoir plus sur les événements à venir de l’industrie touristique autochtone incluant, entre autres, les salons professionnels et les congrès.","breadcrumb":{"@id":"https://indigenoustourism.ca/fr/evenements-a-venir/#breadcrumb"},"inLanguage":"fr-FR","potentialAction":[{"@type":"ReadAction","target":["https://indigenoustourism.ca/fr/evenements-a-venir/"]}]},{"@type":"BreadcrumbList","@id":"https://indigenoustourism.ca/fr/evenements-a-venir/#breadcrumb","itemListElement":[{"@type":"ListItem","position":1,"name":"Home","item":"https://indigenoustourism.ca/fr/home/"},{"@type":"ListItem","position":2,"name":"Événements à venir"}]},{"@type":"WebSite","@id":"https://indigenoustourism.ca/#website","url":"https://indigenoustourism.ca/","name":"Association touristique autochtone du Canada","description":"Corporate","publisher":{"@id":"https://indigenoustourism.ca/#organization"},"potentialAction":[{"@type":"SearchAction","target":{"@type":"EntryPoint","urlTemplate":"https://indigenoustourism.ca/?s={search_term_string}"},"query-input":{"@type":"PropertyValueSpecification","valueRequired":true,"valueName":"search_term_string"}}],"inLanguage":"fr-FR"},{"@type":"Organization","@id":"https://indigenoustourism.ca/#organization","name":"Association touristique autochtone du Canada","url":"https://indigenoustourism.ca/","logo":{"@type":"ImageObject","inLanguage":"fr-FR","@id":"https://indigenoustourism.ca/#/schema/logo/image/","url":"https://indigenoustourism.ca/wp-content/uploads/2018/02/ITAC-logo-corporate-bilingual-standard@300x.png","contentUrl":"https://indigenoustourism.ca/wp-content/uploads/2018/02/ITAC-logo-corporate-bilingual-standard@300x.png","width":2408,"height":701,"caption":"Association touristique autochtone du Canada"},"image":{"@id":"https://indigenoustourism.ca/#/schema/logo/image/"},"sameAs":["https://x.com/itac_corporate"]}]}</script>
<!-- / Yoast SEO plugin. -->

Événements à venir - Association touristique autochtone du Canada

En savoir plus sur les événements à venir de l’industrie touristique autochtone incluant, entre autres, les salons professionnels et les congrès.
